me?
True
Let f(p) = 3*p**3 - 2*p**2 + p. Let z be f(1). Suppose -z*n + 261 = n. Is n composite?
True
Let p = -5 - -5. Suppose 0 = 5*r - g - 56 + 14, -2*r = 5*g - 33. Suppose 4*z = -2*b + 278, p = -5*z + r + 6. Is b a composite number?
True
Let h(s) = -s**2 + 33. Let f = 4 - 4. Is h(f) a composite number?
True
Let c = 271 - 150. Is c a composite number?
True
Is (571*-1)/(9 + -6 + -4) a prime number?
True
Let x(s) be the first derivative of -13*s**4/12 + s**3/6 + s**2/2 - 1. Let d(b) be the second derivative of x(b). Is d(-2) a prime number?
True
Is 2*(-379 + -3)*(-2)/4 a prime number?
False
Suppose 0 = v + v - 8. Is ((-56)/v)/(2/(-53)) prime?
False
Let i(p) = -p**3 + 4*p**2 - p - 1. Let b be i(2). Suppose 0 = 3*k - b*m - 5197 - 811, -3*m = -5*k + 10024. Suppose 599 = -3*r + k. Is r a prime number?
False
Suppose -n - 12664 = -9*n. Is n prime?
True
Let x = 1 + 3. Let o(h) be the third derivative of h**6/120 - h**5/20 + h**4/24 + 5*h**3/6 + 2*h**2. Is o(x) composite?
True
Let r = 461 + -267. Is r a prime number?
False
Let f(x) = x**2 - x. Let y be f(1). Suppose y = z + 14 - 53. Is z prime?
False
Let j be (-2)/10 + 99/45. Suppose 0 = -j*l + l + 15. Is l a prime number?
False
Suppose 2*s = -p + 239, -3*p + s + 717 = -s. Is p composite?
False
Suppose 0 = -3*q + 1751 - 164. Is q a prime number?
False
Suppose -3*k - k = 32. Let l = 10 + k. Suppose 0*y = -y - n + 13, l*y - n = 29. Is y a prime number?
False
Let w(f) = -11*f + 11. Let t be w(-13). Let r = 285 - t. Is r prime?
True
Let k(g) be the second derivative of g + 1/2*g**2 + 15/2*g**3 + 0. Is k(2) a composite number?
True
Let n be (2 + 1 + -2)*3. Let h be (2/4)/(n/60). Is (-4)/10 - (-894)/h a composite number?
False
Let o = -6 + 3. Let r(q) = -5*q**3 + 5*q**2 + q - 4. Let x be r(o). Suppose -2*u + x = 19. Is u a composite number?
True
Let i = 110 - -155. Is i a prime number?
False
Let t = -55 + 1152. Is t composite?
False
Let d be 0/(-3) - (-1 + 3). Let f be (-10)/(-5) - (-40)/d. Let o = f - -56. Is o a composite number?
True
Suppose 2149 = 4*u - 1359. Is u a prime number?
True
Suppose h + 4*z - 9 = -4*h, 0 = 2*h + 2*z - 2. Suppose -5*a + h = 0, t = -8*a + 3*a + 10. Suppose 5*m = s + s - 193, 4*s = t*m + 371. Is s composite?
False
Suppose 3*j = -j + 16. Is (124/(-8))/((-1)/j) a prime number?
False
Let p be (-2 - -2) + 3 - -1. Suppose 2*u = 5*h + 111 + 81, 4*h = -p*u + 356. Is u a prime number?
False
Suppose -f - 1774 = -3*j - j, 2*j - 5*f = 896. Is j a prime number?
True
Let u = 11 + -7. Suppose y = -r - r + 396, -y = -u*r + 798. Is r composite?
False
Let z be 0 + 2/2*4. Suppose 5*v = 5*o - 905, z*v = 4*o + v - 728. Is o a prime number?
False
Let g(m) = -2 - m + 2 + 4. Let n be g(4). Suppose 3*l + n*l = 33. Is l prime?
True
Is (-101880)/(-110) + (-4)/22 prime?
False
Suppose 3*k - k = 1284. Let u = k + -284. Is u a prime number?
False
Suppose 0 = 3*k + 4*o - 1383, -3*o + 132 = k - 334. Suppose -k = -p - 38. Is p a prime number?
True
Let c(m) = -13*m - 3. Let l be -4*(-4)/(-8)*2. Is c(l) composite?
True
Let o = 436 - 104. Suppose -w - o = -5*w. Is w a prime number?
True
Let x(s) = -s**2 + 5*s + 10. Let y be x(7). Let j = 22 - y. Is j prime?
False
Suppose 0 = a - 2 - 1, 2*c + 2*a = -90. Is (c/40)/(2/(-25)) composite?
True
Let v = 115 - -82. Suppose -3*n - k = -154, 4*k - k = -4*n + v. Is n a prime number?
True
Let a(r) = 91*r**2 + 5*r + 5. Is a(-3) prime?
True
Let o(y) = y**3 + 4*y**2 + 3*y + 2. Let f be o(-3). Suppose -f*z - 25 = -351. Is z a prime number?
True
Suppose -2*t = -t - 303. Is t a prime number?
False
Let l(v) = -v**3 + 8*v**2 - 7*v. Let k be l(7). Let z(j) = -j**2 - j + 174. Let a be z(k). Let f = a - 121. Is f a composite number?
False
Suppose 63 + 81 = -4*n. Let y = -22 - n. Is y a composite number?
True
Let s(q) = 35*q**3 + 2*q**2 - 3*q - 1. Is s(3) a composite number?
False
Suppose -2*b + 247 = -2*q + 5*q, 0 = -3*b - 3*q + 366. Is b composite?
True
Suppose 5*b - 2*b + 6 = 0. Let z be (0 - 0)*b/(-4). Suppose -2*q - 4*u + 2 + z = 0, u = -1. Is q a prime number?
True
Let z = 23 - 11. Suppose -z = -3*v, 5*v = -d - 2*d + 59. Suppose d = c + 2. Is c prime?
True
Suppose 45 = 5*d - 0*d + 5*y, 40 = 4*d + 5*y. Suppose 2*x - 1 = 3*z, 7 = d*z - 4*z + 3*x. Is ((-2)/z)/(2/(-11)) composite?
False
Let m(r) = -39*r - 52. Is m(-9) a composite number?
True
Let l = 285 - -202. Is l a composite number?
False
Suppose 0 = 2*y + 1 - 7. Suppose -4*r - y*c + 935 = 0, 0*r + 5*c + 461 = 2*r. Is r a composite number?
False
Let w(i) = -32*i - 4. Let n be w(3). Is 7/(-21) + n/(-3) prime?
False
Suppose m + 18 = -0*r + 5*r, -5*m + r + 6 = 0. Let x(c) = 42*c + 5. Let j(v) = -168*v - 19. Let k(h) = m*j(h) + 9*x(h). Is k(6) a prime number?
False
Suppose 2*v - v = 0. Suppose v = -2*z + 10 + 112. Let s = z + -35. Is s a composite number?
True
Let s(w) = -410*w - 3. Is s(-1) a prime number?
False
Let n = 46 - -51. Is n a prime number?
True
Let r(v) = 10*v**3 - v**2 + v + 3. Is r(4) prime?
True
Let u(x) = x + 5*x**2 - 2 - x - 6. Is u(-9) composite?
False
Suppose -3*j + j = 4*l - 366, 0 = 3*l + 2*j - 277. Is l a composite number?
False
Let l(n) = 2 - 6*n - 4 - n. Is l(-3) a prime number?
True
Let b = -576 - -2335. Is b a prime number?
True
Let q(k) = -7*k - 9. Let c be q(-6). Suppose 3*n = 2*r - c, -3*r - 3*n - 48 = -6*r. Is r a composite number?
True
Let f = 1194 - 563. Is f prime?
True
Let q(l) = 26*l**2 + 3*l - 1. Is q(4) composite?
True
Let x be (2/3)/((-6)/(-3033)). Suppose 0*p + p - x = 0. Is p a composite number?
False
Let h = -4 - -4. Suppose -p - n + 42 = h, -p = -4*p + 2*n + 146. Is p composite?
True
Suppose 0 = 2*r + g + g, -3*g = 5*r - 6. Suppose -2*l = -3*i + 51, 4*i - r*l - 82 = -5*l. Let a = i - -48. Is a composite?
False
Suppose 616 = -2*r - 5*h, 4*r + 3*h = r - 915. Let x = -68 - r. Suppose 0 = -2*g - 3*g + x. Is g prime?
True
Is (-158)/(-8)*(-16)/(-4) prime?
True
Let f(j) = -2*j - j**2 - 2 - 4 - 8*j. Suppose -3*u = -2*q + 31, 0 = u + 3*q + 2*q - 1. Is f(u) prime?
True
Let d(g) = 3*g**2 + 19*g + 17. Is d(-7) a composite number?
False
Suppose 7*a = 2*a + 75. Let s = 4 + a. Is s composite?
False
Let b(i) = -5*i - 6*i - 5*i**2 + 6 + i**3 - 3*i - i**2. Is b(9) a prime number?
False
Let d be (10/3)/(2/(-12)). Is (-25)/d + 6/8 a composite number?
False
Let c(m) = 31*m**2 - 5*m + 11. Is c(6) prime?
True
Let q be ((-18)/2)/3 + 4. Is -233*q*(-6 - -5) a composite number?
False
Let y(o) = o**3 + 8*o**2 + 9*o + 9. Let r be y(-7). Let a be -2 + 4 - 10/r. Is -2 + (131 - (a + -2)) composite?
False
Suppose 0 = -2*d + 56 + 2. Let s be d/(((-2)/8)/1). Let p = -67 - s. Is p a composite number?
True
Let t(k) = k**3 + 3*k**2 + 2. Let w be t(-3). Suppose -w*f + f = -46. Is f prime?
False
Suppose -9*x - 8094 = -20289. Is x composite?
True
Suppose -3*h + 1291 = -3*p + 8*p, 0 = -5*p + 10. Is h a prime number?
False
Suppose 2*q - 3*w = 407, -5*q + 1781 = 5*w + 701. Is q a prime number?
True
Suppose -9 - 8 = -n. Suppose -5*q - n = 3. Let g(f) = 3*f**2 + 5*f - 3. Is g(q) prime?
False
Is (382/8)/(-7*(-2)/168) prime?
False
Let i(r) = -r**3 + 4*r**2 + 3*r + 5. Is i(-6) a prime number?
True
Suppose 0 = 3*b + y - 2*y - 10, -2*b + 2 = -3*y. Suppose b = 2*i + r + r, -5*r = -i + 20. Suppose i*w - 121 = -3*j, 2*j - w = w + 70. Is j composite?
False
Suppose -3062 = 2*u + 4182. Let s be u/(-18) + (-10)/45. Suppose -3*q - s = -3*o - 0*o, -5*o - 4*q = -371. Is o prime?
True
Let f = -159 - -324. Let u(d) = 5*d - 1. Let g be u(1). Suppose -f = -o - g*o. Is o a composite number?
True
Let y = 5 + -7. Let j be (-177)/(-5) + y/5. Suppose -j = -0*a - 5*a. Is a a prime number?
True
Suppose 3*u + 96 = -6. Let n = 73 + u. Is n prime?
False
Let g = 31 + -22. Suppose 4*o + 1 = -11, -3*j - 3*o + g = 0. Suppose -j = 3*u, z + 74 = 6*z - 2*u. Is z a composite number?
True
Let l(r) = -4*r**2 - 7*r + 9. Let s be l(-6). Let c be 3/(-2*3/76). Let v = c - s. Is v a composite number?
True
Let h be ((-28)/(-3))/((-1)/(-33)). Suppose -3*p = -451 - h. Is p composite?
True
Suppose 3 + 1 = 4*f. Suppose 4 = t + f. Suppose -i = x - 55, t*i - 3*x - 34 = 149. Is i composite?
True
Let r(m) = -m**3 + 14*m**2 + 11*m + 1. Is r(-10) prime?
False
Let d(r) = -r**3 + 2*r**2 + 2. Let t be d(3). Suppose 0 = 3*n - 9 + 3. Is 2 - (t + 0 + n) a prime number?
True
Suppose 6*z + 140 = z. 